etermine b(-2).
131
Let z(j) = -229038*j - 458032. Calculate z(-2).
44
Let l(o) = -44810*o + 134462. Determine l(3).
32
Let z(g) = 110*g - 1397. Determine z(13).
33
Let p(f) = 13*f**3 + 1338*f**2 - 90*f + 1155. Calculate p(-103).
-184
Let q(k) = 225*k**3 + 84*k**2 + 37*k + 64. Calculate q(-2).
-1474
Let h(m) = -25331*m - 304317. Calculate h(-12).
-345
Let g(b) = -16879*b + 66329. What is g(4)?
-1187
Let w(r) = r**2 - 2783*r - 369481. Determine w(-127).
89
Let f(z) = -876068*z - 11388892. Calculate f(-13).
-8
Let r(y) = y**3 + 56*y**2 - 903*y - 443. Give r(-69).
-29
Let v(l) = 9840*l + 88749. Give v(-9).
189
Let x(a) = a**3 - 28*a**2 - 1807*a - 304. Calculate x(59).
994
Let x(t) = 5326*t + 85215. Determine x(-16).
-1
Let p(c) = -6*c**2 + 133*c - 2171. Determine p(26).
-2769
Let h(z) = -3*z**3 + 3*z**2 + 854*z - 3271. What is h(4)?
1
Let c(o) = 11*o**3 + 6*o**2 - 665*o - 1330. Give c(-2).
-64
Let y(s) = 9*s**2 + 1253*s - 333172. Calculate y(135).
8
Let a(n) = -3*n**3 - 37*n**2 - 3783*n - 45252. Give a(-12).
0
Let z(y) = -2*y**3 - 99*y**2 - 142*y + 234. What is z(-48)?
138
Let n(k) = 93*k + 111. Give n(-3).
-168
Let m(i) = -137844*i + 4824539. Calculate m(35).
-1
Let z(w) = -9*w**2 + 546*w - 713. Determine z(60).
-353
Let f(i) = -48*i**2 + 4292*i - 398. Give f(89).
1382
Let b(y) = -y**2 + 1474*y - 16118. Determine b(11).
-25
Let z(h) = -h**3 + 53*h**2 - 524*h + 28725. Give z(53).
953
Let p(f) = -f**3 - 3*f**2 + 92*f + 2. Determine p(8).
34
Let i(h) = -6942*h + 20726. Calculate i(3).
-100
Let r(b) = 4034*b + 153363. Determine r(-38).
71
Let z(p) = 13*p**2 + 20206*p - 161649. What is z(8)?
831
Let w(j) = 54*j**2 - 3104*j + 44079. What is w(32)?
47
Let v(g) = -g**2 - 376*g + 9139. Give v(24).
-461
Let x(z) = -4330*z + 1264365. What is x(292)?
5
Let t(y) = 8*y**2 - 132*y + 1595. Give t(8).
1051
Let w(m) = -11*m**3 + 17*m**2 - 623*m - 640. Give w(-1).
11
Let k(y) = -2*y**3 - 329*y**2 - 479*y + 1846. Determine k(-163).
216
Let p(o) = -35862*o - 1398656. Calculate p(-39).
-38
Let v(n) = -n**3 + 157*n**2 - 909*n + 404. What is v(151)?
-49
Let u(p) = 9*p**2 - 188*p + 59. Give u(25).
984
Let y(d) = -138*d**2 - 3716*d + 4142. Give y(-28).
-2
Let d(r) = r**2 - 3320*r + 2749670. Give d(1583).
-1
Let u(x) = -452*x + 6399. Give u(14).
71
Let x(m) = -14*m**2 + 3419*m + 13832. Give x(-4).
-68
Let a(k) = 20*k**3 - 15*k**2 + 215*k + 891. Determine a(-4).
-1489
Let z(q) = q**3 - 472990*q**2 + 2364914*q + 48. Calculate z(5).
-7
Let k(o) = -3*o**2 + 298*o + 752. Calculate k(102).
-64
Let i(j) = 2*j**2 + 398*j - 25492. Give i(-250).
8
Let x(b) = -12527*b + 66710. What is x(5)?
4075
Let r(f) = -2*f**2 - 993*f - 17193. Determine r(-18).
33
Let h(r) = 2*r**2 + 6201*r - 24823. Calculate h(4).
13
Let x(b) = 1741*b - 5539. What is x(4)?
1425
Let y(c) = -c**2 + 111891*c + 559446. Calculate y(-5).
-34
Let l(w) = 1058*w**2 - 2152*w + 53. What is l(2)?
-19
Let d(b) = 461*b - 38097. Calculate d(83).
166
Let w(t) = -6*t**2 - 552*t + 43. Give w(-93).
-515
Let b(c) = 11*c**3 - 483*c**2 - 113*c + 3030. Determine b(44).
-6
Let j(v) = -2*v**2 - 804*v - 16390. Give j(-380).
330
Let a(v) = -11*v**2 + 4165*v - 40516. Determine a(10).
34
Let k(f) = -2234*f - 29927. Determine k(-13).
-885
Let g(v) = -20652*v + 2127193. What is g(103)?
37
Let b(x) = -x**3 - 1331*x**2 + 6638*x + 211. Calculate b(5).
1
Let l(r) = -157802*r - 946807. Give l(-6).
5
Let b(s) = 118*s - 4020. Calculate b(41).
818
Let g(n) = 7*n**2 - 12186*n - 2230284. What is g(-167)?
1
Let m(f) = 4*f**2 + 11369*f - 206022. Give m(18).
-84
Let r(c) = 345*c + 5741. What is r(-15)?
566
Let d(n) = -5638*n + 952818. Determine d(169).
-4
Let h(c) = -50*c**3 + 30*c**2 + 94*c + 16. Calculate h(-1).
2
Let n(v) = 6086*v + 50307. Give n(-8).
1619
Let p(w) = -7*w**3 - 130*w**2 + 52*w + 271. What is p(-19)?
366
Let o(d) = -4*d**2 - 1220*d - 7347. Give o(-6).
-171
Let f(i) = -4*i**2 - 3465*i - 24057. Determine f(-7).
2
Let s(x) = 46*x - 1132. What is s(18)?
-304
Let u(r) = -62*r - 1696. What is u(-46)?
1156
Let o(p) = -p**3 - 333*p**2 - 8258*p + 1256. Calculate o(-306).
32
Let l(w) = 687*w + 611. What is l(-2)?
-763
Let p(l) = -42*l**2 - 45*l - 209. What is p(-6)?
-1451
Let x(h) = h**2 - 58*h - 12459. Calculate x(144).
-75
Let x(n) = -14*n**3 + 36*n + 15. Give x(-4).
767
Let x(u) = -8396*u - 134320. Calculate x(-16).
16
Let g(o) = -158*o**2 - 2333*o + 3122. What is g(-16)?
2
Let y(q) = 12*q**2 - 8173*q + 539636. Determine y(607).
13
Let a(h) = 12878*h + 231832. What is a(-18)?
28
Let s(l) = -2*l**2 + 616*l + 6672347. Determine s(-1679).
1
Let g(u) = -32*u**2 + 883*u - 1455. Determine g(26).
-129
Let m(f) = -439*f**2 - 17978*f + 858. Calculate m(-41).
-3
Let z(l) = -543*l - 69517. What is z(-128)?
-13
Let b(m) = -m**3 + 107*m**2 + 2244*m - 14. What is b(-18)?
94
Let t(n) = 5*n**3 - 1495*n**2 - 117*n + 34988. Give t(299).
5
Let r(v) = -348221*v + 2437500. What is r(7)?
-47
Let s(z) = -9553*z - 324756. Determine s(-34).
46
Let g(u) = u**2 - 3*u - 47730. Calculate g(220).
10
Let a(l) = 9739*l - 214263. Calculate a(22).
-5
Let i(c) = 9*c**3 - 11333*c**2 + 2435*c + 104494. Calculate i(1259).
-3
Let j(u) = -u**3 + 14*u**2 + 7*u - 496. Give j(11).
-56
Let n(s) = -1442*s - 3840. What is n(-3)?
486
Let c(d) = d**3 - 5*d**2 - 141*d + 622. What is c(5)?
-83
Let t(g) = 52126*g + 3544560. Determine t(-68).
-8
Let k(q) = 13293*q - 79627. Calculate k(6).
131
Let f(o) = o**3 + 43*o**2 - 299*o - 197. Determine f(-49).
48
Let j(f) = 180*f - 11913. Give j(65).
-213
Let l(o) = o**3 + 32*o**2 - 134*o + 59. Give l(0).
59
Let a(z) = 1131*z + 45262. What is a(-40)?
22
Let n(x) = 73429*x + 7856897. What is n(-107)?
-6
Let w(i) = -6518*i + 338932. What is w(52)?
-4
Let y(w) = 21456*w + 214592. Determine y(-10).
32
Let t(s) = -182*s + 14939. What is t(85)?
-531
Let p(h) = 50*h**2 + 12146*h - 978. Determine p(-243).
-6
Let p(h) = 2*h**3 + 556*h**2 + 4851*h + 2538. What is p(-269)?
117
Let b(r) = 22*r**2 + 1312*r - 2624. What is b(2)?
88
Let h(k) = 18440*k - 4056803. Determine h(220).
-3
Let g(v) = -22*v**2 + 17198*v + 4703. What is g(782)?
11
Let t(a) = a**2 - 863*a - 54378. What is t(-59)?
20
Let g(k) = 10116*k - 10721. Calculate g(1).
-605
Let t(j) = -8937*j + 8968. What is t(1)?
31
Let w(c) = -c**3 + 6*c**2 - 60*c + 142. Calculate w(3).
-11
Let d(a) = -13*a**2 + 420*a - 925. What is d(30)?
-25
Let t(g) = -2203056*g + 125574185. What is t(57)?
-7
Let u(v) = 101173*v + 404727. What is u(-4)?
35
Let t(i) = i**2 + 22518*i + 404923. What is t(-18)?
-77
Let q(c) = 2754*c**2 + 2855*c + 28. Calculate q(-1).
-73
Let m(v) = -353*v - 35818. Give m(-102).
188
Let q(d) = 2*d**3 - 137*d**2 - 2514*d - 37. Determine q(-15).
98
Let f(k) = 23*k**2 + 267*k + 158. Calculate f(-11).
4
Let w(a) = -a**3 - 6*a**2 + 3*a - 157. Determine w(-8).
-53
Let k(i) = 4*i**2 + 398*i + 9242. Calculate k(-55).
-548
Let w(d) = -4*d**2 + 818*d - 5866. Determine w(197).
44
Let j(i) = 2*i**3 - 106*i**2 - 1846*i + 79240. Determine j(57).
10
Let j(d) = d**3 + 49*d**2 - 223*d - 333. Calculate j(-53).
250
Let s(r) = 259*r**3 - 2075*r**2 + 24*r. Determine s(8).
0
Let p(j) = j**3 - 42*j**2 + 23*j + 384. Calculate p(40).
-1896
Let c(k) = k**3 - 53*k**2 - 632*k - 56. Calculate c(63).
-182
Let q(k) = 1619*k - 649070. Give q(401).
149
Let t(a) = -a**3 + 18*a**2 + 35559*a - 745422. What is t(21)?
-6
Let g(i) = i**2 - 141*i + 1347. Calculate g(146).
2077
Let j(b) = 8*b**2 - 532*b + 4693. What is j(9)?
553
Let s(w) = 1560*w - 140313. Calculate s(90).
87
Let x(g) = -g**2 - 752*g + 6037. Determine x(8).
-43
Let u(h) = 2*h**3 - 11*h**2 - 137*h - 33. Calculate u(12).
195
Let d(h) = 73*h**2 + 649*h + 547. What is d(-8)?
27
Let n(f) = -14*f**3 - 96*f**2 + 228*f - 138. Give n(1).
-20
Let n(o) = o**2 + 2552*o + 134897. Give n(-54).
5
Let s(p) = -6195*p + 84279. Calculate s(14).
-2451
Let i(w) = 2*w**3 + 14*w**2 - 1212*w - 8497. What is i(-7)?
-13
Let r(n) = 3*n**2 - 317*n + 4462. What is r(14)?
612
Let x(f) = 4562*f - 64101. Give x(14).
-233
Let v(l) = 211650*l - 1693203. Determine v(8).
-3
Let r(y) = 4717*y + 2316021. Calculate r(-491).
-26
Let f(a) = -6*a**2 + 248*a + 66621. Determine f(128).
61
Let p(z) = 35522*z + 1669576. What is p(-47)?
42
Let f(j) = -j**2 - 142*j - 4161. What is f(-101)?
-20
Let w(z) = -517*z + 27397. 